. Let d = 11 - p. Calculate the highest common divisor of 112 and d.
14
Suppose 2*t + 4*o - 9 - 29 = 0, -16 = -4*o. Let y = t + -8. Suppose 3*q = -3*m + 45, -2*q + y + 29 = 4*m. Calculate the highest common factor of 126 and q.
14
Let g = 0 - 10. Let k be (-15)/g*22*1. Calculate the highest common factor of k and 11.
11
Let f(r) = -6*r**2 + 4*r**2 - r**3 + 6*r**2 + 2*r**2 + 4*r - 3. Let d be f(6). What is the highest common factor of d and 21?
21
Suppose -4*h + 132 = -4*a - 24, -4*h + 111 = 5*a. What is the highest common divisor of h and 85?
17
Let s(y) be the first derivative of -y**3/3 - 13*y**2/2 + 17*y + 10. Let o be s(-14). Calculate the highest common factor of o and 6.
3
Let x(r) = -12 + r + r**3 + 8 - 8*r**2 - 3. Let t = 6 + 2. Let p be x(t). Calculate the greatest common divisor of p and 1.
1
Suppose 9 - 86 = -3*l + 4*g, 105 = 3*l + 3*g. What is the highest common factor of l and 31?
31
Let x be (-4)/12 + (-381)/(-9). Calculate the greatest common divisor of 6 and x.
6
Let q = -73 - -113. Calculate the greatest common divisor of 16 and q.
8
Suppose -4*p + 49 = -39. Let o = p + -15. Calculate the greatest common divisor of 63 and o.
7
Let a be ((-2)/3)/((-28)/546). What is the highest common divisor of a and 26?
13
Let b = 14 - 21. Let y(g) = -26*g - 17. Let r be y(b). Calculate the highest common factor of r and 15.
15
Let o be 14*3/21*18. Calculate the greatest common divisor of 9 and o.
9
Suppose 0*x + 12*x = 60. What is the highest common divisor of x and 45?
5
Let y(s) = s + 18. Let o be y(0). Suppose -p - o = -4*p. Let n be 524/22 + 10/55. Calculate the greatest common factor of n and p.
6
Let d(q) = 10*q + 0*q**2 + 4 - q**2 + 1. Let h be d(5). Suppose -7*r + 4*y + 44 = -3*r, 14 = -r - 4*y. What is the highest common divisor of r and h?
6
Let r(q) = -7*q + 2. Let g be r(-2). Let i = 73 - -7. What is the highest common factor of g and i?
16
Let z be 18/(-3*3/(-36)). Let r(d) = d + 4. Let n be r(5). What is the greatest common divisor of n and z?
9
Suppose 5*q + 9 = 4*y - 18, 5*q = 5. What is the highest common factor of y and 40?
8
Let t = 9 - 18. Let w be (-60)/t - 2/(-6). Suppose 0 = -5*q - 2*j + 389, -q + 67 = -0*q - 5*j. Calculate the greatest common factor of q and w.
7
Suppose -4*d + d + 401 = f, 2*d + 3*f = 258. Let o = d + -91. Suppose 0*t - 16 = -4*a + 2*t, -2*a - t = -8. What is the highest common factor of a and o?
4
Let j be -2*268/(-8)*1 - -1. Calculate the greatest common factor of j and 17.
17
Let v be 88/6 + (-2)/(-6). Suppose 4*u - 356 = -3*x + 6*u, -5*x = 3*u - 606. Calculate the greatest common factor of v and x.
15
Let p(s) = s**2 + 7*s. Let i be p(-7). Suppose i*f = 2*f - 4*a - 8, -5*a + 35 = 5*f. Calculate the greatest common factor of f and 6.
6
Suppose 0*a + 6*a = 18. Suppose -4*s + 19 = a. Calculate the highest common factor of 32 and s.
4
Suppose 4*y - h + 194 - 518 = 0, -4*h = 3*y - 224. What is the greatest common factor of y and 10?
10
Let d = 41 - 25. What is the greatest common divisor of 32 and d?
16
Suppose 2*m - 50 = 4*z + z, -2*m + 50 = -4*z. Let o = -15 + m. Calculate the highest common factor of 10 and o.
10
Let w(r) = r**3 - 3*r**2 - 5*r + 6. Let x be w(4). Let h be (4/(-10))/(x/(-90)). Calculate the greatest common factor of h and 12.
6
Suppose -3*t = x - 61, 47 = 2*t + 3*x + 11. Let p = -13 - -97. What is the highest common factor of t and p?
21
Suppose 3*o = 3*u + 27, 6*o - o + 2*u - 38 = 0. Let m(w) = w - 5. Let q be m(5). Suppose 2*j - 18 - 94 = q. What is the highest common divisor of o and j?
8
Suppose 720 = 22*p - 7*p. What is the highest common factor of p and 192?
48
Let c(u) = -u**3 + u**2 + u + 3. Let m be c(-2). Let g(a) = 8*a - 6. Let y be g(4). Calculate the highest common divisor of m and y.
13
Let l = -2 + 4. Calculate the greatest common factor of 32 and l.
2
Let p be (-1 + -23)*400/(-12). Suppose 0 = -4*a - 228 + p. What is the greatest common factor of a and 13?
13
Let d be (16 - 7) + -2 + 0. Calculate the greatest common factor of 7 and d.
7
Let u(w) = w**2 - 4*w - 8. Let l be u(7). Calculate the greatest common divisor of l and 39.
13
Let i = 169 - -326. Suppose 4*c - i = 45. Calculate the highest common divisor of 15 and c.
15
Let c = 114 - 14. Calculate the greatest common divisor of c and 25.
25
Let p = -10 - -15. Suppose m = -p*s - 11 - 2, 0 = m - s - 5. Suppose x = -5*f + 80, 9*f - 4*f = m*x - 190. Calculate the highest common divisor of x and 36.
18
Let s(n) = -n**3 + n**2 + 2. Let y be s(0). What is the highest common divisor of 1 and y?
1
Let f = 19 + -40. Let g be f/(-6) - (-1)/(-2). Suppose -5*u - 24 + 91 = 3*j, u - g = 2*j. What is the highest common factor of u and 11?
11
Let n be ((-256)/10)/(-1) - 2/(-5). What is the greatest common factor of 234 and n?
26
Let t = -35 - -50. Calculate the highest common factor of 60 and t.
15
Let c be 26/8 - 1 - (-3)/4. Let f(h) = h**2 + 7*h - 3. Let p be f(-10). Calculate the highest common divisor of p and c.
3
Let f be (-46)/(-5) - (-1)/(-5). Suppose 5*t + 84 = v + 493, 4*t = -4*v + 308. Calculate the highest common divisor of f and t.
9
Suppose b = 5*d + 47, -2*b = -2*d + 5*d - 107. What is the greatest common factor of 13 and b?
13
Let g(k) = -175*k**3 - 3*k - 2. Let p be g(-1). Calculate the greatest common divisor of p and 16.
16
Suppose -5*r - 517 = -2*g, -4*g + 0*g - r = -1023. What is the highest common factor of 32 and g?
32
Let d(z) = -20*z**2 - 1 + 21*z**2 + 2. Let n be (3 - 2) + 0/(-2). Let i be d(n). Calculate the greatest common factor of 4 and i.
2
Let x = -90 - -14. Let i = x - -146. What is the highest common factor of 28 and i?
14
Let q = 6 - -57. Calculate the highest common divisor of 27 and q.
9
Let p(x) = -x - 19. Let t be p(-8). Let i = -6 - t. Let n = -15 - -50. Calculate the greatest common factor of i and n.
5
Let j be (-1)/(2*1/22). Let a = j + 19. Suppose -5*k + a = 3. Calculate the greatest common divisor of k and 5.
1
Suppose 6*r - 57 = 3*r + 3*b, 0 = -r - 2*b + 34. Calculate the greatest common factor of 216 and r.
24
Suppose -10 = 5*p, 0 = l + l + p - 26. Calculate the greatest common divisor of 14 and l.
14
Let m(j) = -j**3 + 10*j**2 - 9*j + 8. Let h be m(9). What is the highest common factor of h and 128?
8
Suppose -3*j - 70 = -5*j. Suppose 0 = -a - 0*a + 14. What is the greatest common divisor of a and j?
7
Let f = 137 - 20. What is the greatest common divisor of 13 and f?
13
Let f = -5 + 7. Suppose 18 = f*l - 0*l. Calculate the highest common divisor of l and 9.
9
Let h(y) = -2*y**2 - 2*y**2 + 2*y**2 + 3 - 5*y + 3*y**3. Let k be 6/3*2/1. Let s be h(k). What is the highest common factor of 13 and s?
13
Let z = -68 + 43. Let h = -45 - z. Let x be (-172)/h + (-2)/(-5). Calculate the greatest common divisor of 36 and x.
9
Suppose 5*q = x - 217, -5*q + 2*x - 149 - 65 = 0. Let j = -4 - q. Calculate the greatest common factor of 8 and j.
8
Suppose 0*b + x - 35 = 3*b, 57 = -5*b + x. Let h = b + 65. What is the greatest common divisor of 6 and h?
6
Suppose 0*f - 3*f = 15. Let n = 16 + f. Let t be (-1)/(1 + 0) - -2. What is the greatest common divisor of n and t?
1
Suppose -3*t + 189 = 4*t. Calculate the greatest common factor of t and 36.
9
Suppose 3*z + z - 140 = 0. Suppose -2*f + z = 3*f - 4*s, -5*f = s - 35. Calculate the highest common factor of 14 and f.
7
Suppose -2*s + 132 = -88. Calculate the highest common factor of s and 10.
10
Let o be 148/12 - (-2)/(-6). Suppose q + q = 60. Calculate the highest common divisor of o and q.
6
Suppose 4*h - r - 13 = -0*h, 3*r - 17 = -2*h. Let a be 55 + 2/(h/2). What is the greatest common factor of a and 14?
14
Let x(h) = h**3 - 5*h**2. Let o be x(5). Suppose 3*l + 2*l + 3*q - 485 = o, 3*l - 5*q = 325. Calculate the greatest common factor of l and 40.
20
Suppose 3*g = 2*g. Suppose g*x + 5*f = -3*x + 80, -4 = -4*f. What is the greatest common factor of x and 10?
5
Let n = -1 - -15. Suppose v = 2*v - n. Calculate the highest common divisor of 126 and v.
14
Let g(i) = -2*i - 8. Let p be g(-6). Suppose p*j = -4*x, 4*x = -3*j + 8*x + 28. Calculate the highest common factor of 32 and j.
4
Let p(v) = 0 + 6 - 3*v**2 + 4*v**2 + 5*v. Let k be p(-6). Let c(i) = -i**3 - 4*i**2 - 4*i + 12. Let l be c(-6). Calculate the highest common divisor of l and k.
12
Supp